-6).
-1
Let b(t) be the first derivative of -1/4*t**4 - 2*t + 3/2*t**2 - t**3 - 52. Determine b(-4).
2
Suppose -4*j - 3*i = 15, 4*j - 38 + 13 = 5*i. Let r(o) = -o - 11. Calculate r(j).
-11
Let n(p) = -122*p - 278 - 11*p**2 + 22*p**2 + 27*p - 12*p**2. Determine n(-3).
-2
Let g(q) = -q**3 + 28*q**2 + 58*q + 62. Let z be g(30). Let l(b) be the first derivative of -b**3/3 + 2*b**2 - b + 75. Calculate l(z).
3
Let z(p) = p**2 - 23*p + 36. Let h be 18/45*-30*(-18)/12. Give z(h).
-54
Let j be (2/(-2))/((-6)/54). Let b(m) = -m + 15. Let y be b(j). Let z be -10 - y/(-3) - -1. Let i(s) = s**2 + 6*s - 1. Give i(z).
6
Let x(a) = 4*a - 1 + 5*a**2 + 0*a**2 - 4*a**2. Suppose 49*t - 1399 = 44514. Suppose -t*u + 943*u = -30. Determine x(u).
4
Let s = -54 + 51. Let k(w) be the first derivative of w**3/6 + 3*w**2 - 10*w + 2. Let o(p) be the first derivative of k(p). What is o(s)?
3
Let n(h) = 47 + 52 + 48*h**2 + 9174*h**3 - 9175*h**3 - 2*h + 0*h. What is n(48)?
3
Let k(y) = 14*y + 18*y + 11 - 1 - 22*y - 4. Determine k(-5).
-44
Let l(i) be the third derivative of -25*i**4/24 - 233*i**3/6 + 1429*i**2 - 2*i + 2. Determine l(-9).
-8
Let j(x) be the third derivative of -x**5/60 - 4*x**3/3 + 304*x**2. Let b = -15 + 8. Let k be (-7 - b)/(0 + -3). What is j(k)?
-8
Let n(d) = -2*d + 6. Let v be 177/(-7) + 12/42. Let z = 17 + -37. Let h = z - v. Calculate n(h).
-4
Let j(f) = 32 - 25*f - 23*f - 2*f**2 - 10*f + 55*f - 2. Give j(-6).
-24
Let y(a) = a**2 - a. Suppose 65*p + 9 = 68*p. Let u(n) = n**3 - 4*n**2 + 6*n - 3. Let w(v) = p*y(v) + u(v). What is w(2)?
7
Let q(p) = 2172 - 22*p - 4373 + 2140. Give q(-3).
5
Let l = -123 + 136. Let i(a) = -a**3 + 15*a**2 - 29*a + 8. Give i(l).
-31
Let x(q) be the third derivative of 0*q - 1/24*q**4 + 0*q**3 - 3*q**2 + 0. Suppose 5*u + 11*n - 14*n = 5, 4*u - n + 3 = 0. Determine x(u).
2
Let g(u) = -14*u - u**3 + 0*u**3 + 9*u - 2*u - 3*u**2 - 4 + 16*u. Give g(-6).
50
Let l(o) = 16*o - 29. Let y = -3099 - -3101. Calculate l(y).
3
Suppose 3*f - 190 = 215. Let n = f - 125. Let g(i) = i**3 - 11*i**2 + 13*i - 7. What is g(n)?
23
Let l(t) = -3*t - 8. Let u be 3*2/(-3)*3/(-2). Suppose -42 + 21 = u*p. Calculate l(p).
13
Let k(f) be the second derivative of f**3/6 + f**2 + 350*f + 2. Let m = 10 + -7. Suppose -2*v - 1 - 3 = 3*w, -2*w = m*v + 6. What is k(v)?
0
Let q(a) = 4*a**2 - a - 6. Let w be (-12)/(-282) + 2/(-47). Calculate q(w).
-6
Let o(r) = r**2 + 46*r + 39. Suppose 0 = 216*v + 483*v + 31455. What is o(v)?
-6
Let r(c) = -12*c**2 + 44*c - 26. Let d(b) = 7*b**2 - 23*b + 13. Let y(a) = -7*d(a) - 4*r(a). Suppose -106 + 26 = 5*z. What is y(z)?
-3
Let i(w) = 3*w - 6. Let x = 229 - 224. Let n be (-299)/(-69) + x/3. Determine i(n).
12
Let v(b) = -66 - 5*b - 12 - 71. Calculate v(-27).
-14
Let z(u) = u - 32. Let f(t) = -5*t + 120. Let l(m) = -4*f(m) - 15*z(m). Let b be -1*(12/3 + -10). Calculate l(b).
30
Let v(p) = 4*p - 18. Suppose -37*f + 370 = 3*f - 3*f. Calculate v(f).
22
Let n(f) be the first derivative of -5*f**3/3 + f**2 + 564. What is n(1)?
-3
Suppose 0 = 4*a - 3*x - 35, -5*x + 10 + 27 = 2*a. Let v(q) = 2*q**3 - a*q**3 + 2*q**3 - 2 + 6*q**3. Suppose 4*p + 20 = 0, -5*r - 3*p - 15 = -r. What is v(r)?
-2
Let n = 5 - 2. Suppose 0 = n*z - 8 - 25. Let g(t) = 56 - t - 28 + 0 - 10 - 12. Calculate g(z).
-5
Let o(k) = -12*k**2 - 4*k + 3. Suppose -69*x - 181 = -250. What is o(x)?
-13
Let d(u) be the first derivative of 8*u - 1/3*u**3 - 1/2*u**2 - 4. Determine d(0).
8
Let k = 5254 - 5249. Let a(u) = 2*u**2 - 11*u + 27. Determine a(k).
22
Let x(k) = -4*k - 29. Suppose -5*y = -6*j - 10*y - 56, 5*y + 32 = -2*j. Determine x(j).
-5
Let x(o) = -o**3 + 28*o**2 + 92*o + 30. Let b be (45/(-20))/(-7 + (-118)/(-16)) + 37. Calculate x(b).
-1
Let y(w) be the third derivative of w**6/120 - w**5/20 - w**4/24 + w**3/6 - 2*w**2. Let p(q) = q**3 + 8*q**2 + 22*q + 38. Let u be p(-5). Give y(u).
-2
Suppose -6 = -2*a + 10. Let n be 24/18*18/a. Let g(y) = -2*y - 46 + 26 + 21. Calculate g(n).
-5
Suppose 0 = -32*l - 80 + 1 - 113. Let m(c) = 14*c + 88. What is m(l)?
4
Let b(g) = 59*g - 1. Let o(s) = -s**2 - 20*s. Let i(v) = b(v) + 3*o(v). Give i(-2).
-11
Let p(w) be the second derivative of w**3/2 - 3*w**2/2 + w. Let r(i) = -87 + 11 + 8*i + 199. Let m be r(-15). Calculate p(m).
6
Let r(z) = -8*z - 327. Let o(v) = 17*v + 757. Let d(g) = -3*o(g) - 7*r(g). Give d(-12).
-42
Let q(p) = p**2 + 18*p - 278. Let b be q(-28). Let g(c) = c**3 + 3*c**2 - 6*c + 5. Calculate g(b).
13
Let y = -27 + -33. Let f be -4 + (-184)/(-44) - y/33. Let r(j) = 2*j**3 - 2*j**2 + 2*j. What is r(f)?
12
Let w = 17 + -13. Suppose 5*s = w*p - 2841 - 235, 0 = -2*s - 8. Let i(y) = -764 + y + p. Determine i(-2).
-2
Let b(h) = 35*h**3 + 36*h**2 - 9*h + 9. Let r(k) = k**3 - 6*k**2 + k - 1. Let y(l) = -b(l) - 6*r(l). Give y(1).
-41
Let r(j) = -15*j**3 + j. Let x(b) = -61*b**3 + 5*b**2 - 7*b + 29. Let f(q) = 4*r(q) - x(q). Give f(5).
26
Let a = 676 - 672. Suppose 5*t - 3*t - 30 = 0. Suppose 5*s + 40 = -5*m, 2*s + a = -3*m - t. Let q(u) = -2*u - 5. What is q(s)?
5
Let m(w) = -39*w**2 + 12*w - 3. Let a(b) = -30*b**2 + 10*b - 3. Let o(x) = 4*a(x) - 3*m(x). What is o(2)?
-7
Let i(g) = 4*g**2 + 20*g + 1. Let a(h) = 6*h**2 + 78*h - 544. Let c be a(5). Determine i(c).
-15
Let i(l) be the second derivative of -l**4/6 - 7*l**3/3 + 5*l**2 + 20*l. Let c be i(-8). Let r(j) = -j - 7. What is r(c)?
-1
Let j(p) = p**3 + 2*p**2 - 2*p - 1. Let a = 9 + -21. Let x be (10/(-6))/(((-16)/(-4))/a). Suppose -x*r - 4*q = 5 - 35, -5*r + 35 = 5*q. Give j(r).
11
Let f(k) = -k**3 + 21*k**2 - 18*k - 42. Let u(w) = -60*w - 340. Let b be u(-6). What is f(b)?
-2
Let y(k) = 62*k - 41. Let w be y(2). Let i(a) = 248 - 85 - a - w - 85. Give i(0).
-5
Let o(i) = -i**2 + 86*i + 259. Let q be o(89). Let g(h) = h**3 + 16*h**2 + 66*h - 1. Determine g(q).
-17
Let d(z) be the first derivative of -2*z**2 + 72*z + 74. Calculate d(20).
-8
Let f = 25195 - 25194. Let b(y) = -13*y + 3. Give b(f).
-10
Let s(i) = -i - i**2 - 2 - i**2 + 1 + 5*i**2. Let v(y) = -y**2 + 86*y - 170. Let t be v(2). Calculate s(t).
13
Let a(b) = -5*b**2 - 34*b + 10. Let j be a(-7). Suppose c + 13 = x + j*c, 2 = -x + c. Let f(h) = h**2 - 4*h + 1. Determine f(x).
-2
Suppose -5*y = 5*m - 130, m + 69*y = 67*y + 29. Let i(r) = -r**3 + 22*r**2 + 28*r - 8. What is i(m)?
107
Let y(d) = -7*d**2 + 13687*d**3 + 11 + 9*d - 13688*d**3 + 0*d**2. Give y(-8).
3
Suppose -g + 2*b - 5 = 0, 0 = g + g + 2*b - 20. Suppose 5*i = -4*s + 22, -g*i + s + 0*s = -7. Suppose i*o - 12 = -6. Let r(a) = -3*a + 3. Determine r(o).
-6
Suppose -29*n = 3*n + 160. Suppose 28 = -4*a + 4*k, 2*a + 8 = -k - 12. Let o = n - a. Let w(s) = s**3 - 4*s**2 + 2*s - 4. Calculate w(o).
4
Let l(n) be the third derivative of -n**4/8 + 2*n**3/3 - 5*n**2 + 519*n - 2. Suppose 4*t - 8 = -4*f, 0 = -t + 2*f - 9 - 1. Let k be 13/5 - t/5. Calculate l(k).
-5
Let j(p) be the first derivative of -p**4/4 + 2*p**3 + 4*p**2 - 14*p + 82. Let h be j(7). Let o(f) = f**2 + 8*f + 6. Give o(h).
-1
Let k(l) = -8*l**2 + 4. Let h(q) = -9*q**2 + 5. Suppose 23 = -16*b + 103. Let r(f) = b*h(f) - 6*k(f). Let t be (0 + 1)/((-1)/1). Calculate r(t).
4
Let b = -34 - -36. Let v be (6*1/12)/(b/20). Let x(a) = 5*a**2 - 2*a**3 + 30 - 2*a + a**3 - 33. What is x(v)?
-13
Suppose -159*t = -37*t. Let r(p) be the second derivative of -28*p + t + 7/2*p**2 - 1/12*p**4 - p**3. Determine r(-5).
12
Let s(n) = -6. Let u(d) = -d - 19. Let x(w) = 7*s(w) - 2*u(w). Let v(h) = -8*h - 139. Let q = 81 + -99. Let y be v(q). What is x(y)?
6
Let a(c) = -4*c**2 + 49*c - 8. Let r(x) = -x**2 - 5 - 2*x**2 + x**2 - x**2 + 0 + 33*x. Let m(y) = -5*a(y) + 7*r(y). Calculate m(-11).
38
Let q = 292 + -280. Let w(r) = q + 1 - 6 - 9 + 2*r. Calculate w(2).
2
Let d(o) be the second derivative of o**3/6 + o**2 - o. Let i = -715 + 962. Suppose 0 = -33*z + 16 - i. Calculate d(z).
-5
Let w(a) = 4*a**2 + 8*a + 69. Let t(b) = -7*b**2 - 13*b - 131. Let x(l) = -3*t(l) - 5*w(l). Calculate x(0).
48
Let x(p) be the third derivative of -p**4/8 - p**3/3 + 23*p**2. Let i = -19 + 29. Suppose 2*q + 12 = -4*n, 6*q + 4*n = 5*q - i. Calculate x(q).
4
Let k(i) be the second derivative of i**4/3 - 4*i**3/3 - 5*i**2 - 6*i - 39. What is k(4)?
22
Let w(l) be the second derivative of -5*l**3/2 + 28*l. Suppose 63 = 76*p - 13. Give w(p).
-15
